/(4 + (-3722532)/930632) a prime number?
True
Suppose -16*s + 143912 = -131016. Is s a composite number?
False
Is (21/(-28)*4 - 0)*46707/(-9) composite?
False
Suppose -88*j = -42*j - 4532702. Is j composite?
True
Let i be (1245/40)/3 + 3/(-8). Suppose -3*f + 20 = r - 5*r, 0 = 4*f + 5*r - 6. Is 1*(4394/i - f/10) a prime number?
True
Let x(t) = 1010*t**3 + 20*t**2 - 43*t + 118. Is x(7) composite?
False
Let z = -591 - -6338. Suppose 60*v = 67*v - z. Is v a prime number?
True
Suppose -18*j - 166417 = -19*j - 2*o, 4*j - 665716 = -2*o. Is j composite?
True
Let i(r) = -23*r + 162. Let y be i(7). Let m(f) = 59314*f**3 - f**2 + 3*f - 1. Is m(y) a composite number?
True
Is (-17746812)/(-6)*10/60 prime?
True
Let k(c) = 6*c**2 - 12*c + 7. Suppose n + 2 = -2. Let f = -15 - n. Is k(f) composite?
True
Let h be (-2)/(-6)*0/(-8). Suppose -u - m = -5882, -3*u - 5*m + 3*m + 17642 = h. Suppose -5*x + u = -2917. Is x a composite number?
False
Let n = -5216 + 3603. Let i = n - -3286. Is i a prime number?
False
Suppose 3*a - 2 = 4*c + 14, 0 = -2*c - a - 8. Let i be 2 + 3*c/(-12). Suppose 2*l = i*l - 1259. Is l a composite number?
False
Let a be (-30)/(-8) + (-1)/(-4). Suppose 0 = 9*l + a*l - 5187. Suppose -1908 = -3*p + l. Is p a composite number?
False
Is ((-230756)/(-12))/((-46)/(-138)) a prime number?
True
Let a(x) = -5*x - 1. Let v(t) = -57*t + 14. Let j(w) = -3*a(w) - v(w). Let o be (-6)/27 - 29/(-9). Is j(o) composite?
True
Let i(g) = 11826*g**2 - 29*g - 59. Is i(4) composite?
False
Suppose 62438 = -61*a - 777105. Let j = 24057 + a. Is j composite?
True
Let i be 5 - (894*-14 + 2). Suppose -13*s + 2*s + 20438 = 0. Let h = i - s. Is h prime?
False
Suppose 0 = -5*y - 7*y + 19848. Suppose -12*g - 22 = -y. Let f = 27 + g. Is f a composite number?
False
Is 49331*-2*34/(-68) prime?
True
Suppose -99*s + 105*s + 162 = 0. Is -1*(1108/(-2) + (-32 - s)) composite?
True
Let t(l) = 3*l**2 + 23*l + 9. Let n(k) = -7*k**2 - 45*k - 17. Let q(j) = -2*n(j) - 5*t(j). Suppose 0 = 14*b - 53 + 221. Is q(b) prime?
False
Let v = 268 + -247. Suppose v*m - 19611 = 12*m. Is m composite?
False
Let a = -4883 - -317. Let j = a - -2561. Is j/30*-2*3 prime?
True
Suppose -16*j + 1947151 = 16095. Is j composite?
False
Let n(p) = -p**3 - p**2 + 27*p - 18. Let u be n(-12). Suppose -4*z + 5*r + 3264 = 0, u = z + 2*r + 439. Is z a prime number?
True
Suppose 3*h - 55238 = -4391. Suppose -h = -5*k + 4*g, 4*g - 16940 = -5*k - g. Is k composite?
False
Let p be ((-119020)/(-45))/4 + 6/(-27). Let y = p - 294. Is y prime?
True
Suppose -407 = -4*w - v, 4*w + 2 = 5*v + 391. Let g = w - 178. Let n = g - -190. Is n prime?
True
Let l(s) = s - 22. Let u be l(12). Let c be (-4842)/(-45) + 6/u. Suppose 5*r + 0*r + j = 160, 0 = 4*r + 5*j - c. Is r a composite number?
True
Suppose 2874607 = 152*n - 7269417. Is n a prime number?
False
Suppose o + 3*l - 9 = 3*o, 5*o - 10 = l. Is (-6 + o - 659)*5/(-2) composite?
True
Let i(p) = -8*p**3 - p**2 - 13*p - 13. Let x be i(-1). Suppose -x*n = -6*n - 8879. Is n composite?
True
Let v be 38/(16/(-112) - (-38)/70). Let i be -6*(v/(-15) + 5). Is 1204/i*10/5 a composite number?
True
Suppose 5*f = -4*f. Suppose 4*k + 16 = 0, f = 3*i + i - 2*k - 24. Suppose 1 + 4 = w, -i*w = -5*g + 2765. Is g a composite number?
False
Let g be (-78)/(-15) - -4*1/(-20). Is (g/(-15))/(5/(-23115)) prime?
False
Let p(g) = 10*g**2 - 28*g + 37. Let z(y) be the first derivative of 11*y**2/2 + 10*y - 13. Let f be z(-3). Is p(f) a prime number?
False
Is (1731045/(-370))/((-3)/2) a prime number?
True
Let g(a) = 28*a - 17. Let u(o) = o**2 - o. Let b(w) = -2*w**3 + 9*w**2 + 7*w + 16. Let f(n) = -b(n) - 4*u(n). Let x be f(7). Is g(x) composite?
True
Suppose 4*n + 1192 = 5*c, 2*n - n = -4*c + 941. Let b be (-7)/((-14)/4) + -95. Let q = c + b. Is q prime?
False
Let t(a) = a**3 - 18*a**2 - 16*a - 14. Let k be t(19). Let r = k - 38. Suppose -i = r, 0 = 3*s + 3*i - 4054 + 1402. Is s a composite number?
True
Let u(m) = -10*m**3 + 5*m**2 + 11*m - 101. Is u(-12) a composite number?
True
Let j = -171382 - -290927. Is j a prime number?
False
Let x(d) = -90*d**2 - 6*d + 14. Let t(f) = f**2 - f. Let c(q) = -2*t(q) - x(q). Let j be c(6). Let n = 7397 - j. Is n a composite number?
True
Let u(p) = 2*p - 17. Let b be u(-16). Let i = b + 47. Is (-3)/(-3) + i + 32 composite?
False
Let a be -3*21/(-14)*16/18. Suppose -a*s = 3*i - 7483, -3*i + 1820 - 5575 = -2*s. Suppose -8*f + s = 585. Is f composite?
True
Let t = 6523 - 4394. Let s = -306 + t. Is s prime?
True
Suppose 222 + 13 = 5*b. Let v = -48 + b. Let i(l) = -744*l**3 - l**2 + l + 1. Is i(v) prime?
True
Let g(c) = -172*c + 1. Let u(q) = -203*q + 1. Let m(z) = -3*g(z) + 2*u(z). Suppose 31 = 5*d + 1. Is m(d) composite?
False
Is ((-480774)/(-40))/((-16)/(-64)) - (-58)/(-145) a prime number?
False
Let m be (-7 + 2)*-1 - 0. Suppose -m*a = x - 10*a - 374, x = -a + 392. Is x prime?
True
Suppose 4*g - 32 = -12*g. Suppose -5*v - 50 = 4*y, 19 = -4*v - y + g*y. Let d(s) = 24*s**2 - 2*s + 17. Is d(v) a prime number?
False
Let h(d) = 6*d**3 + 15*d**2 - 10*d + 54. Let l be h(14). Let i = -11327 + l. Is i a composite number?
True
Let t(k) = 19*k**2 - 33*k - 11. Suppose 3*s + 20 = -2*l, -2*l + 3*s - 44 = -0*s. Is t(l) a prime number?
True
Suppose -3*y = 3*c - 78231, -5*c + 3*c + 5*y = -52182. Is c composite?
True
Let w = 69 + -87. Let a be 1 + 3*3*8/w. Is (3*a)/3 + 22368/12 a composite number?
False
Suppose -4*y - 37 = -3*u, -3*u = -5 + 20. Let r = y + 712. Suppose -r = -d - 2*l, -3*l - 806 = -5*d + 2676. Is d a prime number?
False
Let n = 94 - -556. Let x be (-2 + -1)/((-1)/3). Suppose -x*b + n = b. Is b composite?
True
Let i be (0 - 1)/(852/858 + -1). Suppose i*u - 142*u = 3491. Is u a composite number?
False
Let j(t) be the third derivative of -t**5/30 - t**4/12 + 8263*t**3/6 - 14*t**2 - 3. Is j(0) a prime number?
True
Let f = 13 - 9. Suppose 2*k = 5*v - 400, 0 = f*v - 7*k + 2*k - 303. Is v prime?
False
Let b = -41970 + 84401. Let s = b + -25588. Is s prime?
True
Let m be -2*(-3)/4*(-44)/(-6). Suppose -16712 + 5679 = -m*v. Is v a composite number?
True
Suppose 0 = -2*z + 3*d + 165 + 1254, 4*z - 2839 = 5*d. Let p = 94 + -314. Let o = p + z. Is o a prime number?
True
Let y = 134610 + -54001. Is y composite?
True
Let m = 66 + -61. Suppose m*u = 7*u - 40. Let w(o) = 7*o**2 - 24*o - 33. Is w(u) a composite number?
False
Let x(z) = -72*z + 30 - 4 - 3 - 1559*z + 7. Is x(-7) composite?
False
Let l = 95 - 76. Is ((399/(-28))/l)/(1/(-2084)) composite?
True
Suppose 2*s - 4*s = 5*d - 73, -4*d + 65 = -5*s. Suppose 0 = -d*t + 20171 - 1106. Is t composite?
True
Let j = 150825 - 69928. Is j a prime number?
True
Let c(b) = 2*b**2 - b - 1. Let s be c(2). Suppose 2*u + 3*g = 1501, 2947 = 4*u - 10*g + s*g. Suppose 2*x = -0*x - 4*d + 522, 2*d + u = 3*x. Is x prime?
True
Let n = -1516 - -5263. Suppose -b - 2*u + 3747 = 0, 0 = -13*b + 14*b + 3*u - n. Is b prime?
False
Let q(a) = -37 - 26 + a + 78. Let v be q(-15). Is 382*(-1)/(-4)*(2 - v) a composite number?
False
Suppose -22656 - 23815 = -o + z, -5*z = -30. Is o a composite number?
False
Let y(q) = -q**3 - 24*q**2 - q - 27. Let b = -3 + -21. Let v be y(b). Let g(h) = 32*h**2 - 2*h - 1. Is g(v) a composite number?
False
Suppose 5*x - 12 = -j, -85*j = -90*j + x + 8. Suppose 0 = j*b + 48*i - 51*i - 1986, 0 = 2*b - 4*i - 1986. Is b a prime number?
False
Let k(c) = -2*c**3 - 3*c**2 + 5*c + 7. Let i be k(-2). Is 4735*i - -2*3/3 prime?
False
Let p(h) = -5*h - 28. Let x be p(-12). Let g be -1 + 2 - x/(-8). Suppose 3992 = g*y - y. Is y a prime number?
False
Let o(r) = 148*r**2 - 254*r + 25. Is o(-13) prime?
False
Let y(s) = s**3 + 4*s**2 - 2*s - 9. Let c be y(-2). Suppose -b = -j + 8816, c*j + 3413 = b + 29867. Is j a prime number?
True
Suppose 0 = -4*j - 24 + 52. Let a(y) = -3*y + 21. Let c be a(7). Suppose c = j*n + 11740 - 39285. Is n a composite number?
True
Let u(b) = -40*b + 109. Let o(a) = a + 1. Let n(s) = -6*o(s) + u(s). Is n(-13) a composite number?
False
Let p(s) = 2*s**2 - 2. Let r(u) = -u**2 + 1. Let h(v) = -4*p(v) - 7*r(v). Let n be h(2). Is 879/((-12)/(n - 1)) prime?
True
Suppose 2*q + 135568 = -2*q. Is (5 + -3)/(-10) - q/10 composite?
False
Suppose -15117 = -4*n + 2*h + 60255, 0 = 3*n + 3*h - 56520. Suppose -4*b = -5*q - n + 4312, 4*q - 8 = 0. Is b a